er?
False
Is 83624137 composite?
False
Is 23531881 a prime number?
True
Is 612897419 a composite number?
True
Is 2810893 a prime number?
True
Is 353971 a composite number?
True
Is 22337845 prime?
False
Is 37261465 prime?
False
Is 458066087 prime?
True
Is 95397121 prime?
False
Is 3840503 prime?
True
Is 845879 prime?
True
Is 524879309 prime?
True
Is 412891387 a composite number?
True
Is 70482577 a prime number?
False
Is 61865 composite?
True
Is 59324903 composite?
True
Is 10200403 prime?
True
Is 38652583 a composite number?
True
Is 19453033 composite?
True
Is 9491637 prime?
False
Is 69159443 prime?
True
Is 6526627 prime?
True
Is 6464501 a prime number?
True
Is 60644573 a prime number?
False
Is 2498423 a composite number?
False
Is 6690107 a composite number?
False
Is 24251971 a composite number?
False
Is 359417 a composite number?
False
Is 7792121 a composite number?
False
Is 16123901 a prime number?
True
Is 136116919 prime?
False
Is 5070133 composite?
False
Is 90538531 prime?
False
Is 6528559 a composite number?
False
Is 5566181 composite?
False
Is 4643113 a composite number?
False
Is 58593217 prime?
True
Is 7369457 composite?
False
Is 50557153 composite?
False
Is 137437 a composite number?
False
Is 5355401 prime?
False
Is 165361579 a composite number?
True
Is 3145711 a prime number?
True
Is 9674141 prime?
True
Is 453703 prime?
True
Is 212365169 composite?
False
Is 23466763 prime?
True
Is 53675161 composite?
False
Is 54017611 composite?
True
Is 103488739 composite?
False
Is 1183447 a composite number?
False
Is 29223569 composite?
True
Is 8004857 a prime number?
False
Is 8246587 composite?
False
Is 4904189 a prime number?
False
Is 2886593 a prime number?
True
Is 170552209 prime?
True
Is 1384807 prime?
False
Is 4212023 a prime number?
True
Is 6031031 composite?
False
Is 2064911 a prime number?
False
Is 54332015 prime?
False
Is 10948433 a composite number?
False
Is 60356498 composite?
True
Is 361694 a composite number?
True
Is 326307337 a prime number?
True
Is 987971 prime?
True
Is 21322681 prime?
True
Is 5370973 a prime number?
False
Is 418043 prime?
True
Is 458040967 a composite number?
False
Is 20528777 a composite number?
False
Is 35376941 prime?
True
Is 45568067 a prime number?
True
Is 54197491 prime?
False
Is 747771 composite?
True
Is 1440037 prime?
True
Is 376249 prime?
False
Is 18372085 a prime number?
False
Is 1981337 composite?
False
Is 16587917 composite?
False
Is 27030203 a prime number?
False
Is 7598939 a composite number?
True
Is 13742243 composite?
True
Is 1153721 prime?
True
Is 32967767 a prime number?
False
Is 23274551 composite?
True
Is 3275321 prime?
False
Is 382824019 composite?
False
Is 29427449 a prime number?
True
Is 51673049 a composite number?
False
Is 20021021 a composite number?
False
Is 99197981 composite?
False
Is 12263093 prime?
False
Is 190668682 a composite number?
True
Is 7935887 composite?
False
Is 1821288683 prime?
False
Is 224521201 a composite number?
True
Is 7098529 prime?
False
Is 1640671 prime?
False
Is 12939847 prime?
True
Is 5876881 a prime number?
True
Is 6337531 composite?
True
Is 1549183 a composite number?
False
Is 15080141 a composite number?
True
Is 2267168239 composite?
True
Is 607909 a composite number?
False
Is 1040714 a prime number?
False
Is 3001591 prime?
True
Is 38564429 a prime number?
False
Is 8690926 a composite number?
True
Is 1311509 a prime number?
True
Is 50811763 prime?
True
Is 38887413 a composite number?
True
Is 8949581 a composite number?
True
Is 19645463 prime?
False
Is 6822889 composite?
False
Is 4162513 a composite number?
True
Is 170872859 a composite number?
False
Is 453907 a prime number?
True
Is 240851843 composite?
False
Is 318996487 prime?
False
Is 2897501 prime?
True
Is 14373529 a prime number?
False
Is 1334692495 a composite number?
True
Is 31654471 composite?
False
Is 73921373 a composite number?
True
Is 2216351 a prime number?
True
Is 20015393 a prime number?
True
Is 3692803 a composite number?
False
Is 26391887 a composite number?
False
Is 2818567 prime?
False
Is 36450481 a composite number?
False
Is 36063803 prime?
True
Is 1722153 composite?
True
Is 25141931 composite?
False
Is 17923067 a prime number?
True
Is 15714821 prime?
True
Is 27372169 prime?
False
Is 11458847 a composite number?
False
Is 78523571 a composite number?
True
Is 37890187 a composite number?
False
Is 673579 prime?
True
Is 79546201 a composite number?
True
Is 361409 prime?
True
Is 541721 a prime number?
True
Is 730080997 a composite number?
True
Is 9879007 prime?
True
Is 245567 a composite number?
True
Is 510569 a composite number?
False
Is 66240553 composite?
True
Is 174296173 prime?
False
Is 10641791 a composite number?
False
Is 12437333 a composite number?
False
Is 1925899 prime?
True
Is 2906443 a composite number?
False
Is 89599243 a prime number?
True
Is 226615009 composite?
True
Is 13525601 composite?
False
Is 378055 prime?
False
Is 135359993 a prime number?
False
Is 20359267 a prime number?
True
Is 97337231 a composite number?
False
Is 30928747 prime?
True
Is 8527609 a prime number?
True
Is 984689 composite?
False
Is 946409 a prime number?
False
Is 177015253 a prime number?
False
Is 28228163 composite?
True
Is 467197651 a composite number?
True
Is 63225671 composite?
False
Is 20909171 prime?
False
Is 8822651 prime?
False
Is 240247979 composite?
False
Is 4588099 a composite number?
False
Is 202836691 prime?
True
Is 1470635 a prime number?
False
Is 84112247 prime?
True
Is 54272011 prime?
True
Is 706357 prime?
True
Is 17749153 a composite number?
True
Is 199667461 a composite number?
True
Is 755555789 prime?
True
Is 143666297 composite?
False
Is 337836539 a prime number?
True
Is 3572369 prime?
False
Is 200937281 a composite number?
False
Is 87732331 a prime number?
False
Is 241856009 a prime number?
True
Is 51269522 prime?
False
Is 3199013 a composite number?
False
Is 2408587 prime?
True
Is 1759049 composite?
False
Is 105295 composite?
True
Is 6999449 prime?
True
Is 49202513 composite?
True
Is 27084247 prime?
False
Is 393870863 a prime number?
True
Is 62296433 prime?
False
Is 1409747109 prime?
False
Is 1409123 prime?
False
Is 20741767 a prime number?
False
Is 606017 prime?
True
Is 224958131 a prime number?
True
Is 1521547 a composite number?
False
Is 45474763 a prime number?
False
Is 1376621887 prime?
True
Is 65641937 a prime number?
False
Is 11676443 a composite number?
False
Is 6831173 a composite number?
False
Is 661603 a prime number?
True
Is 2082019 prime?
True
Is 23590309 a composite number?
True
Is 4737461 prime?
True
Is 4386111 prime?
False
Is 9419119 a composite number?
True
Is 1919039 a composite number?
False
Is 449131 prime?
True
Is 1195323 a composite number?
True
Is 35589355 a prime number?
False
Is 9127463 a prime number?
True
Is 130277389 prime?
False
Is 630011 prime?
False
Is 37963199 composite?
False
Is 10617797 a composite number?
True
Is 91489 a composite number?
True
Is 12098381 prime?
False
Is 51279269 composite?
False
Is 246289 prime?
True
Is 9696446 a composite number?
True
Is 23407399 a composite number?
True
Is 334474523 a prime number?
True
Is 93638971 prime?
False
Is 29110999 composite?
True
Is 1744739 a composite number?
True
Is 861797 composite?
False
Is 1775981 a prime number?
True
Is 6573079 composite?
True
Is 11106079 a composite number?
True
Is 52095709 a prime number?
True
Is 7565939 composite?
True
Is 60818489 a composite number?
True
Is 2442701 a prime number?
False
Is 26014238 composite?
True
Is 595729 composite?
True
Is 686994907 a composite number?
False
Is 133919 a composite number?
False
Is 86131723 prime?
True
Is 50548415 composite?
True
Is 35431199 prime?
True
Is 112079573 a composite number?
False
Is 8553487 prime?
True
Is 4092113 prime?
True
Is 153680881 composite?
False
Is 8911963 composite?
False
Is 6755893 prime?
True
Is 2524589 a composite number?
True
Is 787783 a prime number?
True
Is 73514719 prime?
True
Is 8925043 a prime number?
True
Is 10328627 a prime number?
True
Is 6040649 composite?
False
Is 11208589 a prime number?
False
Is 206899613 composite?
True
Is 163001213 a composite number?
True
Is 73351687 prime?
True
Is 234123481 a composite number?
False
Is 1862087 prime?
True
Is 628323 a composite number?
True
Is 11085847 composite?
False